er when 3238194 is divided by 294379.
25
Calculate the remainder when 119092 is divided by 2147.
1007
Calculate the remainder when 8732253 is divided by 12.
9
Calculate the remainder when 81918114 is divided by 67.
28
Calculate the remainder when 255479 is divided by 965.
719
What is the remainder when 2867699 is divided by 167?
142
What is the remainder when 2862113 is divided by 40?
33
What is the remainder when 6757 is divided by 407?
245
Calculate the remainder when 565406 is divided by 1549.
21
What is the remainder when 590897 is divided by 146892?
3329
Calculate the remainder when 24220 is divided by 24155.
65
Calculate the remainder when 3936286 is divided by 5542.
1466
Calculate the remainder when 44548433 is divided by 88919.
14
What is the remainder when 3853225 is divided by 1284386?
67
Calculate the remainder when 16903 is divided by 44.
7
What is the remainder when 42587 is divided by 222?
185
What is the remainder when 186774 is divided by 2653?
1064
What is the remainder when 1627588 is divided by 2964?
352
Calculate the remainder when 15356 is divided by 3742.
388
What is the remainder when 7926530 is divided by 2793?
2789
Calculate the remainder when 55260 is divided by 26547.
2166
Calculate the remainder when 668922 is divided by 668767.
155
What is the remainder when 413463 is divided by 157?
82
What is the remainder when 40995941 is divided by 22?
19
What is the remainder when 55867518 is divided by 3491719?
14
What is the remainder when 142003 is divided by 69853?
2297
What is the remainder when 125040116 is divided by 51?
50
Calculate the remainder when 114793 is divided by 131.
37
Calculate the remainder when 51833 is divided by 433.
306
What is the remainder when 60707 is divided by 4372?
3871
Calculate the remainder when 286563 is divided by 26007.
486
Calculate the remainder when 408466 is divided by 909.
325
Calculate the remainder when 13329669 is divided by 37338.
3
Calculate the remainder when 274893 is divided by 136183.
2527
Calculate the remainder when 1725456 is divided by 5584.
0
Calculate the remainder when 6378 is divided by 84.
78
What is the remainder when 22040 is divided by 720?
440
What is the remainder when 1013539 is divided by 170?
169
What is the remainder when 204966 is divided by 3252?
90
What is the remainder when 259428067 is divided by 2419?
2412
Calculate the remainder when 379075 is divided by 42005.
1030
What is the remainder when 30766 is divided by 1469?
1386
What is the remainder when 896110 is divided by 2699?
42
What is the remainder when 25326 is divided by 4111?
660
Calculate the remainder when 49801441 is divided by 1962.
1957
What is the remainder when 78068 is divided by 76886?
1182
What is the remainder when 3267897 is divided by 30258?
33
Calculate the remainder when 38025 is divided by 793.
754
What is the remainder when 96174008 is divided by 236?
232
Calculate the remainder when 21846 is divided by 8572.
4702
Calculate the remainder when 77537 is divided by 38741.
55
What is the remainder when 54465 is divided by 146?
7
Calculate the remainder when 113899 is divided by 37957.
28
Calculate the remainder when 24864 is divided by 6215.
4
What is the remainder when 3665662 is divided by 3619?
3234
What is the remainder when 131794154 is divided by 43931381?
11
What is the remainder when 21439594 is divided by 247?
241
What is the remainder when 13549840 is divided by 254?
210
Calculate the remainder when 1028194 is divided by 928.
898
What is the remainder when 30685236 is divided by 197969?
41
What is the remainder when 97607 is divided by 97194?
413
What is the remainder when 214985 is divided by 1792?
1737
What is the remainder when 38457804 is divided by 13?
8
What is the remainder when 218263 is divided by 16775?
188
What is the remainder when 49489 is divided by 457?
133
What is the remainder when 1719003 is divided by 3160?
3123
Calculate the remainder when 3823735 is divided by 3823720.
15
What is the remainder when 9185846 is divided by 137?
133
Calculate the remainder when 589864 is divided by 147465.
4
Calculate the remainder when 30838846 is divided by 862.
796
What is the remainder when 7139 is divided by 931?
622
What is the remainder when 588875 is divided by 72?
59
What is the remainder when 16687293 is divided by 72?
69
What is the remainder when 387929 is divided by 34860?
4469
What is the remainder when 16890 is divided by 1084?
630
What is the remainder when 45287 is divided by 684?
143
Calculate the remainder when 1559611 is divided by 95.
91
Calculate the remainder when 768902 is divided by 28460.
482
Calculate the remainder when 2356762 is divided by 69.
67
Calculate the remainder when 268475 is divided by 268449.
26
Calculate the remainder when 654251079 is divided by 140.
139
Calculate the remainder when 262479739 is divided by 248.
11
What is the remainder when 2429178 is divided by 173?
85
What is the remainder when 553857 is divided by 16286?
133
What is the remainder when 2761952 is divided by 14?
4
Calculate the remainder when 4430027 is divided by 219.
95
What is the remainder when 736437 is divided by 75?
12
Calculate the remainder when 192779755 is divided by 535.
530
What is the remainder when 8995937 is divided by 10424?
25
Calculate the remainder when 1192532 is divided by 3467.
3351
Calculate the remainder when 556669 is divided by 21.
1
Calculate the remainder when 13787 is divided by 1136.
155
Calculate the remainder when 3521675 is divided by 8674.
31
What is the remainder when 303675 is divided by 1258?
497
Calculate the remainder when 13135808 is divided by 249.
62
What is the remainder when 510842 is divided by 5676?
2
What is the remainder when 108765 is divided by 5428?
205
What is the remainder when 787960 is divided by 2271?
2194
What is the remainder when 31000197 is divided by 94?
31
Calculate the remainder when 9312181 is divided by 1181.
1177
Calculate the remainder when 17864 is divided by 750.
614
What is the remainder when 127349 is divided by 686?
439
Calculate the remainder when 37199 is divided by 12149.
752
What is the remainder when 88107354 is divided by 902?
896
Calculate the remainder when 25934914 is divided by 810466.
2
What is the remainder when 28962100 is divided by 39?
37
Calculate the remainder when 222031835 is divided by 4891.
4890
What is the remainder when 2103930 is divided by 701310?
0
What is the remainder when 2221350926 is divided by 3368?
3366
What is the remainder when 335661 is divided by 592?
589
Calculate the remainder when 14521245 is divided by 84.
81
Calculate the remainder when 531219 is divided by 903.
255
Calculate the remainder when 32946043 is divided by 53.
24
Calculate the remainder when 881678 is divided by 62974.
42
Calculate the remainder when 63073999 is divided by 47.
46
Calculate the remainder when 12119657 is divided by 149.
146
What is the remainder when 1119099 is divided by 1550?
1549
What is the remainder when 777431 is divided by 40?
31
Calculate the remainder when 270361 is divided by 1738.
971
What is the remainder when 8562723 is divided by 2665?
78
Calculate the remainder when 2085022 is divided by 91.
30
Calculate the remainder when 16206160 is divided by 1157582.
12
What is the remainder when 103750441 is divided by 75952?
9
Calculate the remainder when 22413 is divided by 2961.
1686
Calculate the remainder when 415879 is divided by 988.
919
Calculate the remainder when 27191141 is divided by 705.
701
What is the remainder when 2174286 is divided by 1282?
14
What is the remainder when 298071 is divided by 167?
143
What is the remainder when 70085079 is divided by 563?
24
What is the remainder when 1801596 is divided by 903?
111
Calculate the remainder when 415920 is divided by 19804.
36
Calculate the remainder when 36377 is divided by 14423.
7531
Calculate the remainder when 5028093 is divided by 256.
253
Calculate the remainder when 44423 is divided by 3107.
925
Calculate the remainder when 618979 is divided by 26.
23
Calculate the remainder when 7033030 is divided by 1172171.
4
What is the remainder when 8803874 is divided by 101?
7
Calculate the remainder when 358750 is divided by 7219.
5019
What is the remainder when 75488995 is divided by 58655?
10
What is the